 is divided by 334.
329
Calculate the remainder when 133084 is divided by 541.
539
What is the remainder when 9018 is divided by 4508?
2
Calculate the remainder when 6927 is divided by 91.
11
Calculate the remainder when 74233 is divided by 232.
225
Calculate the remainder when 48819 is divided by 24346.
127
What is the remainder when 17569 is divided by 735?
664
Calculate the remainder when 7882 is divided by 340.
62
What is the remainder when 8830 is divided by 295?
275
Calculate the remainder when 44829 is divided by 175.
29
Calculate the remainder when 147148 is divided by 45.
43
Calculate the remainder when 7484 is divided by 32.
28
Calculate the remainder when 1441 is divided by 230.
61
What is the remainder when 82962 is divided by 198?
0
What is the remainder when 2892 is divided by 718?
20
What is the remainder when 9342 is divided by 183?
9
What is the remainder when 419610 is divided by 183?
174
What is the remainder when 45291 is divided by 394?
375
Calculate the remainder when 129644 is divided by 43211.
11
Calculate the remainder when 33775 is divided by 4.
3
Calculate the remainder when 3015 is divided by 2952.
63
What is the remainder when 6593712 is divided by 15?
12
Calculate the remainder when 9331 is divided by 25.
6
Calculate the remainder when 3118805 is divided by 154.
151
Calculate the remainder when 488 is divided by 75.
38
Calculate the remainder when 33686 is divided by 802.
2
Calculate the remainder when 113938 is divided by 23.
19
Calculate the remainder when 3250690 is divided by 108.
106
What is the remainder when 661330 is divided by 3?
1
What is the remainder when 1171 is divided by 276?
67
Calculate the remainder when 50367 is divided by 1326.
1305
What is the remainder when 4803 is divided by 685?
8
Calculate the remainder when 4915 is divided by 665.
260
What is the remainder when 3153454 is divided by 144?
142
What is the remainder when 459161 is divided by 713?
702
What is the remainder when 6852 is divided by 129?
15
What is the remainder when 14533 is divided by 7220?
93
What is the remainder when 17110 is divided by 8496?
118
Calculate the remainder when 6206 is divided by 442.
18
Calculate the remainder when 6472 is divided by 6456.
16
What is the remainder when 538 is divided by 194?
150
Calculate the remainder when 606772 is divided by 202254.
10
What is the remainder when 8098 is divided by 404?
18
Calculate the remainder when 2217 is divided by 81.
30
Calculate the remainder when 218675 is divided by 46.
37
Calculate the remainder when 145637 is divided by 88.
85
Calculate the remainder when 1392 is divided by 243.
177
Calculate the remainder when 12231 is divided by 322.
317
What is the remainder when 3895 is divided by 14?
3
Calculate the remainder when 24058 is divided by 12.
10
What is the remainder when 157383 is divided by 44?
39
Calculate the remainder when 517559 is divided by 1031.
1028
Calculate the remainder when 1004 is divided by 10.
4
Calculate the remainder when 19991 is divided by 81.
65
What is the remainder when 4264 is divided by 142?
4
Calculate the remainder when 9245 is divided by 2311.
1
What is the remainder when 2575 is divided by 435?
400
What is the remainder when 12580 is divided by 54?
52
Calculate the remainder when 54958 is divided by 7850.
8
What is the remainder when 213698 is divided by 74?
60
What is the remainder when 65446 is divided by 4361?
31
What is the remainder when 769 is divided by 578?
191
Calculate the remainder when 2175 is divided by 2.
1
What is the remainder when 245548 is divided by 61385?
8
Calculate the remainder when 66753 is divided by 681.
15
Calculate the remainder when 9028 is divided by 32.
4
Calculate the remainder when 43575 is divided by 21782.
11
Calculate the remainder when 6693 is divided by 2187.
132
Calculate the remainder when 449052 is divided by 56.
44
What is the remainder when 21850 is divided by 12?
10
What is the remainder when 1429 is divided by 349?
33
Calculate the remainder when 17688 is divided by 44.
0
What is the remainder when 65 is divided by 34?
31
Calculate the remainder when 20110 is divided by 2500.
110
Calculate the remainder when 35101 is divided by 8768.
29
Calculate the remainder when 2814 is divided by 82.
26
Calculate the remainder when 2683305 is divided by 913.
911
What is the remainder when 1869327 is divided by 11?
9
What is the remainder when 3452 is divided by 51?
35
Calculate the remainder when 12265 is divided by 1773.
1627
Calculate the remainder when 65630 is divided by 40.
30
Calculate the remainder when 3532 is divided by 1753.
26
What is the remainder when 29718 is divided by 39?
0
What is the remainder when 83119 is divided by 25?
19
What is the remainder when 2949 is divided by 54?
33
Calculate the remainder when 9942 is divided by 281.
107
What is the remainder when 284153 is divided by 185?
178
Calculate the remainder when 98620 is divided by 19721.
15
Calculate the remainder when 17109 is divided by 59.
58
What is the remainder when 34597 is divided by 1578?
1459
What is the remainder when 588 is divided by 569?
19
What is the remainder when 4964 is divided by 70?
64
Calculate the remainder when 4359 is divided by 449.
318
Calculate the remainder when 1942 is divided by 13.
5
Calculate the remainder when 31072 is divided by 222.
214
Calculate the remainder when 4617 is divided by 135.
27
Calculate the remainder when 1197 is divided by 968.
229
What is the remainder when 1264818 is divided by 421594?
36
What is the remainder when 44031 is divided by 319?
9
What is the remainder when 1759033 is divided by 103?
102
What is the remainder when 5124 is divided by 129?
93
What is the remainder when 323406 is divided by 116?
114
Calculate the remainder when 5250 is divided by 103.
100
What is the remainder when 51640 is divided by 25814?
12
What is the remainder when 400 is divided by 392?
8
What is the remainder when 11244 is divided by 233?
60
What is the remainder when 7077 is divided by 511?
434
Calculate the remainder when 338428 is divided by 870.
868
Calculate the remainder when 8144 is divided by 905.
904
What is the remainder when 7706 is divided by 188?
186
Calculate the remainder when 1047 is divided by 23.
12
What is the remainder when 596 is divided by 183?
47
What is the remainder when 781093 is divided by 1211?
1209
Calculate the remainder when 43763 is divided by 455.
83
Calculate the remainder when 4053 is divided by 493.
109
What is the remainder when 297 is divided by 67?
29
Calculate the remainder when 467125 is divided by 58.
51
Calculate the remainder when 13906 is divided by 65.
61
Calculate the remainder when 2713 is divided by 246.
7
What is the remainder when 29511 is divided by 11?
9
Calculate the remainder when 18902 is divided by 403.
364
What is the remainder when 10893 is divided by 47?
36
Calculate the remainder when 33250 is divided by 24.
10
What is the remainder when 2956 is divided by 735?
16
What is the remainder when 67909 is divided by 5223?
10
What is the remainder when 6566 is divided by 69?
11
Calculate the remainder when 453 is divided by 360.
93
What is the remainder when 156 is divided by 156?
0
Calculate the remainder when 150449 is divided by 50.
49
What is the remainder when 292097 is divided by 390?
377
Calculate the remainder when 97271 is divided by 16206.
35
Calculate the remainder when 291 is divided by 43.
33
What is the remainder when 23100 is divided by 1153?
40
Calculate the remainder when 410750 is divided by 39.
2
Calculate the remainder when 57580 is divided by 190.
10
What is the remainder when 1071711 is divided by 277?
275
Calculate the remainder when 211426 is divided by 98.
40
Calculate the remainder when 5038 is divided by 48.
46
What is the remainder when 33361 is divided by 21?
13
Calculate the remainder when 4917 is divided by 288.
21
What is the remainder when 3667 is divided by 389?
166
Calculate the remainder when 47379 is divided by 92.
91
Calculate the remainder when 345334 is divided by 6.
4
What is the remainder when 237950 is divided by 79311?
17
Calculate the remainder when 18660 is divided by 162.
30
Calculate the remainder when 746 is divided by 111.
80
What is the remainder when 1513 is divided by 24?
1
Calculat